43940. Suppose -j + 839 = 3*g. Calculate o(g).
-3
Let c(u) = -2*u**2 + 4*u - 1. Suppose 2*y + 306 = -32*y. Let a be 4*-1 - (-7 + 16)/y. Determine c(a).
-31
Let j(t) = t - 1. Let c(m) = 5*m + 20. Let u = -6 - -28. Suppose 0 = 4*l - 3*r + u, -l + 3*l + r = -6. Let z be c(l). What is j(z)?
-1
Let d(m) = -m + 2. Suppose 8*x + 28 = -444. Suppose -r = r - 134. Let t = x + r. What is d(t)?
-6
Let s(j) = -j**2 - 6*j + 4. Let u(o) = o**3 + 34*o**2 + 31*o + 60. Let g be u(-33). Suppose -13*b + 173 = -g. Suppose -5*m - 2 - b = 0. Give s(m).
9
Let u be (-3)/4*(-16 + 12). Let z(h) = 4*h**3 + 2*h - 12*h**3 + 3*h**u + 4 - 5 + h**3 + 2*h**2. Give z(-2).
35
Let s = -12640 - -12634. Let m(t) = -3*t**2 - 16*t + 11. Determine m(s).
-1
Let g be (160 - 146)/(1/(-1))*(-1)/(-2). Let n(a) = a**3 + 9*a**2 + 19*a - 2. Give n(g).
-37
Suppose 4*f - 3*l + 2 = 97, -3*l = 3*f - 45. Let a be (-8)/80 + 182/f. Let z(y) = y**3 - 8*y**2 - 9*y + 1. Calculate z(a).
1
Suppose 4*f - 4*x = 104, 3*x = -5*f + x + 151. Let p(c) = 2 - 72*c + 18*c + f*c + 23*c. Calculate p(-2).
6
Suppose -3*j - 19 = 4*f, 2*f + 7 - 4 = 5*j. Let h be (j*(-7 - -11))/(1 - 3). Let a(m) = 5*m**2 - m - 1. Determine a(h).
17
Let f = 13 + 7. Suppose 7*k - 22 = 5*q + 3*k, 4*k = -2*q - f. Let h(m) = m**3 + 6*m**2 - 8*m - 7. What is h(q)?
41
Let o = 10 + -16. Let k(z) = 14 + 5*z**2 - 2*z**2 - 5*z**2 - 10*z. Let d be k(o). Let t(p) = p + 2. Calculate t(d).
4
Let j = 25 - 21. Suppose -2*p - 5*r + 12 = -15, -12 = -j*r. Suppose 0 = -5*d + 5*g + 35, 2*d - p*g + 7*g = 11. Let c(n) = n**3 - 6*n**2 + 2*n - 8. Give c(d).
4
Let v(z) = z**2 + 38*z + 364. Let y(a) = -13*a**2 - 235*a + 211. Let l be y(-19). Calculate v(l).
7
Suppose 4*f + 115*j = 112*j - 2, 5*f + 4*j = -3. Let l(y) = 28*y**3 - 6*y + 5. Give l(f).
27
Let y(i) = 24*i - 708. Let g(o) = -148*o + 918. Let h be g(6). Determine y(h).
12
Suppose 5*t + 6*u = 7*u + 10, 2*t - 5*u - 4 = 0. Suppose 0 = 3*f + 2*k - 3, 2*k = 7*k. Let d(z) = -f - z - 4*z**2 - 8*z**t + 13*z**2 + 2*z**3. Give d(-1).
-1
Let c(q) = -27*q**3 + q**2 - 2*q + 1. Let b = -149 - -153. Suppose -13 = -a + b*i, 3*i - 5*i - 11 = -5*a. What is c(a)?
-27
Suppose -3*d + 78 = 10*d. Let g be (-8 + 5)*(-10)/d + 3. Let f(h) = -4*h + 3*h - g + 5. Determine f(0).
-3
Suppose 0 = d - a - 6, d = -0*d - 4*a - 14. Suppose d*m = n + 6, 3*m + 5*n + 17 + 0 = 0. Let y be (m/(-3) + 1)/((-28)/42). Let z(t) = -8*t - 1. Give z(y).
7
Let b(c) = c**3 + 8*c**2 - 81*c + 17. Let g be b(-14). Let y be (-14 - g - 20) + 2*1. Let s(j) = -j**3 - 7*j**2 + 7*j - 1. What is s(y)?
-50
Let p(k) = 21 + 23 + 3 + 71 + 8*k. Let j be p(-15). Let o(t) = -t**2 + t + 2. Give o(j).
-4
Suppose -3*u - 4*r + 12 = 0, 3*u + 4*r = u + 8. Suppose 3 + 1 = u*d. Let b be d/(((-10)/(-4))/(-5)). Let w(k) = 3*k**3 + 2*k**2 - k - 2. Determine w(b).
-16
Let j be -7 + (-2 - 60/(-4)) + -290. Let u = j + 289. Let l(f) = 2*f - 19. Let n(v) = -v + 9. Let k(h) = 6*l(h) + 13*n(h). What is k(u)?
-2
Suppose -585 = 15*l + 24*l. Let w(i) = -8*i + 37. Let z(v) = -5*v + 18. Let g(h) = -3*w(h) + 5*z(h). Calculate g(l).
-6
Let c = -55 + 72. Suppose -f + 23 = c. Let a(p) = -1 + 6 - 14 - 2*p**3 + 6*p**2 + 2*p + p**3. Determine a(f).
3
Let r(u) = 2*u**3 - 36*u**2 + u - 25. Let a be (-4608)/(-1408)*11/2. Calculate r(a).
-7
Let d(m) = 2*m - 3. Let p be (-3)/(1/1)*(-10)/(-6). Let s(r) = 11*r - 9. Let k(l) = p*d(l) + s(l). Determine k(3).
9
Let j(z) = -35*z**2 + z. Let q be (-4)/(-10) + (-1 - (-36)/10). Suppose -4*p + 4 = -2*h, 0 = q*p + 4*h - 3*h + 7. What is j(p)?
-36
Let u(f) be the third derivative of f**6/120 + f**4/24 - f**3/6 - f**2 + 2*f + 373. Let o(g) = g**2 - 2*g. Let s be o(3). Determine u(s).
29
Suppose 21 = -6*j + 3*j. Let f(m) = 27*m**2 - 72*m - 174. Let l(z) = -19*z**2 + 49*z + 121. Let x(i) = 7*f(i) + 10*l(i). What is x(j)?
41
Let c(l) = 16*l**3 - 4 + 33366*l**2 - 3*l**3 - 33363*l**2. Calculate c(1).
12
Suppose 0 = 33*n - 154 - 77. Let v(a) = n - 14 + 6 + 0 - 7*a. Calculate v(3).
-22
Let w(u) = u**3 - 17*u**2 - 56*u + 1146. Let p be w(16). Let x(v) = -2*v**3 - 12*v**2 - 7*v - 12. Give x(p).
30
Let f(y) be the second derivative of -y**3/6 - 4*y**2 - 467*y. Determine f(6).
-14
Let h(v) = -v**2 + 23*v - 128. Let j be h(11). Suppose 4*r + 0*r - 5*q = 32, 3*r + 4*q = -7. Let m(f) = 18 - f + f + j*f**r - 19. What is m(-1)?
-5
Let k(h) be the first derivative of -5*h**2/2 - 2*h - 8. Let s = 164 - 162. Suppose 0 = -0*d + d + s. Determine k(d).
8
Let t(i) = 4*i**2 - 2*i + 6. Let g(p) = 3*p**2 - p + 4. Let q(l) = -7*g(l) + 5*t(l). Let z be (1 - 2)/(3/(-3)). Let v be (-10)/8*(9 - (6 - z)). Calculate q(v).
-8
Let f(p) = -72*p - 375. Let v be f(-6). Suppose 0 = -7*q + 6 + v. Let a(k) = 3*k - 31. What is a(q)?
-4
Let a be (-48)/57 - (-129)/(-817). Let l(p) = -p**2 + 9*p + 11. Give l(a).
1
Suppose 2*t = 203 - 195. Let g(o) = -o**3 + 5*o**2 - 3*o - 7. Determine g(t).
-3
Suppose 4*a + 14 + 6 = 0. Let y be ((-4)/(-2))/((6/a)/(-3)). Suppose -2*p + 6*p = 0, 10 = y*j + p. Let w(i) = -8*i + 1. Calculate w(j).
-15
Let p(k) = k**2 - 4*k - 8. Suppose 0 = -6*r + 709 - 2365. Let b = 283 + r. What is p(b)?
13
Let v(w) = 3 + 2*w + w + w - 3*w**2. Let g(y) = 10*y**3 + 99*y**2 + 147*y + 1568. Let l be g(-10). Give v(l).
-17
Let c = -278 + 281. Let y(t) = 14 - t**c - 53 + 38 - 3*t + 5*t**2. Calculate y(4).
3
Let b(j) = -3*j**3 + 28*j - 25*j**2 + 2810 - 2796 + j**3 - 4*j**3 + 5*j**3. Calculate b(-26).
-38
Let m(v) = v**3 + 2*v**2 - v + 1. Let n(q) = -162*q - 2429. Let c be n(-15). Calculate m(c).
3
Let q(a) = -16*a**3 + a**2 + 16*a - 4. Let v(m) = 13*m**3 - m**2 - 14*m + 3. Let k(l) = -4*q(l) - 5*v(l). What is k(0)?
1
Let q(b) = -19*b + 21. Suppose -42*v - 27 = -26*v - 25*v. Give q(v).
-36
Let f(w) = 17 - 11*w**2 + 20*w + 10*w**2 - 20*w. Suppose -8 = 17*x - 21*x. Let t be ((3 + -3)/x)/2. What is f(t)?
17
Let f be (0 + 4 + (-150)/(-150))/5. Let v(c) = -2 + 2 - 2 + 3*c. Calculate v(f).
1
Let c(x) = -x**2 + 20*x - 16. Let l = 115 - 96. Calculate c(l).
3
Let y(a) be the third derivative of -a**7/2520 - a**6/60 - a**5/15 - 5*a**4/24 - a**3/6 - 6*a**2 + a. Let g(h) be the second derivative of y(h). Give g(-7).
27
Let h(d) = 222 + 221 + d + 216 - 655. Suppose -3*x = -0*x. Suppose -2*r - 6 - 8 = x. Determine h(r).
-3
Let c = 954 - 957. Let f(l) be the first derivative of -2*l**2 + l + 11. What is f(c)?
13
Suppose 132*z + 21 = 135*z. Let u(v) = -2*v**3 + 13*v**2 + 13*v - 54. Let a be u(z). Let j(k) = k**3 + 13*k**2 + 12*k - 7. Determine j(a).
-7
Let i(f) = -10*f - 52*f + 58*f - 3*f**2 + 24. Calculate i(-4).
-8
Let x(i) = 455*i**2 + 139*i**2 - 588*i**2 + 4 - i**3 - 5*i. Let l(q) = q**2 + 7*q + 15. Let z be l(-5). What is x(z)?
4
Let v(k) be the third derivative of 0*k + 62*k**2 + 1/60*k**5 + k**3 - 7/24*k**4 + 0. Give v(6).
0
Let x(g) = -1810*g - 23*g**2 + 45 + 1 + 1808*g + g**3. Determine x(23).
0
Let d = 2378 - 2367. Let c(i) = -i + 3. What is c(d)?
-8
Suppose 0 = 5*r + m + 6 - 26, -m + 16 = 4*r. Let a(w) = 43*w - 28*w - 2 - 22*w + w**2. Give a(r).
-14
Let y(s) = -21*s**2 + 13*s**2 + 4*s + 10*s**2. Suppose 25 = -5*d + 2*w, 4*w - 46 = d - 23. Give y(d).
6
Let u(l) = -6*l**3 + 172*l**2 - 16*l - 22. Let d(i) = 2*i**3 - 53*i**2 + 5*i + 7. Let q(m) = -13*d(m) - 4*u(m). Determine q(-1).
1
Suppose 5*p - 3*m + 0*m = -37, 4*p - m + 31 = 0. Let i(c) = c**3 + 7*c**2 - 5*c + 12. Calculate i(p).
-12
Suppose 0 = -7*q + 3*q + 2*p - 8, -2*p - 7 = q. Let n(k) = 7*k**3 - 4*k**3 + 2 - 8*k**3 + 0*k**3 + 6*k**3 + 4*k**2 + k. Determine n(q).
8
Let y = 9 - 9. Let z(n) = -2*n + 4*n + 0 - 4 + y. Let d(l) = 2*l**3 - 11*l**2 + 5*l + 4. Let a be d(5). Give z(a).
4
Let r(i) be the third derivative of i**6/120 - i**5/30 - i**4/12 - i**3/3 - 500*i**2 - 2*i - 2. What is r(4)?
22
Let f(x) be the third derivative of x**3 + 0*x + 1/12*x**4 - 160*x**2 + 0. What is f(-8)?
-10
Let b(g) = -2*g**2 + 12*g + 25. Let k be b(7). Let f(n) = 2*n**2 + 46*n - 53. Let z(t) = t**2 + 24*t - 26. Let v(m) = k*z(m) - 6*f(m). Determine v(-14).
4
Let x be (-2)/7 + (-46)/(-14). Let f(q) be the second derivative of -1/2*q**2 + 0 - 2/3*q**3 + 1/3*q**4 + 106*q. Calculate f(x).
23
Let p(x) = 24*x**2 - 13*x**2 + 2*x**3 - 14*x**2 - x**3 - 10 + 4*x. Let g be p(5). Let q(o) = -g - o + 126 - 62. Determine q(-5).
9
Let r(h) = h**2 + 3*h + 1. Let a(f) = -6*f + 9. Let u be a(0)